(12/56 - 0). Let h = d - -36. What is the remainder when 63 is divided by h?
19
Suppose 2*q - 79 = -5*n, 0 = -0*n + n + 5*q - 2. Let h = -4 + n. Let o(m) = -m**2 - 54*m + 300. Calculate the remainder when h is divided by o(5).
3
Let h(f) = -f + 62. Let w(s) = -s**3 - 5*s**2 - 2*s + 2. Let k be w(-3). Let u(j) = -j + 14. Calculate the remainder when h(-32) is divided by u(k).
22
Calculate the remainder when 1*(-14 + 10) + 84 is divided by 13.
2
Suppose 3*l + 905 = 5*x - l, -10 = 2*l. What is the remainder when x is divided by 30?
27
Let x be 215 - 4/8*-10. Suppose -4*a = 5*d - x, d + d - 88 = -5*a. What is the remainder when d is divided by 5?
4
Let x(k) = 86*k + 441. Suppose -5 = 3*m - 4*b, -b = -6*m + 3*m + 10. Calculate the remainder when x(-5) is divided by m.
1
Suppose -17 = 22*s - 325. Calculate the remainder when 92 is divided by s.
8
Let y = 36 + -17. Suppose -g + 5*a - 8*a + 51 = 0, 107 = 2*g + a. What is the remainder when g is divided by y?
16
Let l(n) = -3*n**3 + n - 2. Let t be l(-2). Let b = t + -14. What is the remainder when b is divided by 3?
0
Let o = 141 + -139. Suppose o*y - 178 = -2*q - 2*q, -1 = y. What is the remainder when q is divided by 12?
9
What is the remainder when (-162)/(-45) + (6/(-10))/1 is divided by (-20)/50 - (-24)/10?
1
Let h(b) be the third derivative of 5*b**4/24 + b**3/6 - 4*b**2. What is the remainder when h(5) is divided by 16?
10
Let c(l) = l - 3. Let r be c(-5). Let q = r + 12. Suppose 0 = -q*f - 7 + 31. What is the remainder when 16 is divided by f?
4
Let x = -1156 + 1243. Calculate the remainder when 176 is divided by x.
2
Let n be 4384/40 - (-3 - (-26)/10). Let x = -69 + n. Calculate the remainder when 163 is divided by x.
40
Let y = -107 + 177. What is the remainder when 155 is divided by y?
15
Suppose 4*r - 48 = -4*r. Suppose 4*x + 186 = r*x. Calculate the remainder when x is divided by 24.
21
Let r = -1130 + 1362. What is the remainder when r is divided by 70?
22
Suppose 10*o + 717 - 77 = 0. Let x = o + 117. Calculate the remainder when x is divided by 11.
9
Suppose -4*a - 4*b + 8 = 0, -b = 2*a - 6*b + 31. Calculate the remainder when 4/1 + a + 30 is divided by 17.
14
Suppose -3*d - 2*j + 696 = j, -4*d - 5*j + 923 = 0. What is the remainder when d is divided by 22?
17
Suppose 2*x - 173 = -3*d, -4*d + 242 = 3*x - 3*d. Calculate the remainder when x is divided by 3/3 - (-25 - 1).
25
What is the remainder when (8 - (1 + 4)) + (38 - -2) is divided by (-1)/(37/(-18) + 2)?
7
Let v(k) = k**2 + 18*k - 126. Let n(w) = 4*w + 2. Let j be n(-3). What is the remainder when (-704)/(-10) + 4/j is divided by v(-24)?
16
What is the remainder when 377 is divided by 19194/147 - (17/(-7) + 2)?
115
Let s be (-12)/3 - -2 - -11. Calculate the remainder when 36 is divided by (6 + -2)/4 + s.
6
Suppose -10 = 2*s - 3*s. Suppose 3*c - 117 + 15 = 0. What is the remainder when c is divided by s?
4
Suppose -2*d + 3*d = 3*o - 30, d + 21 = 2*o. Let g(t) = t**3 - 8*t**2 - 6*t + 7. Let p be g(o). Let h = p + -27. What is the remainder when 32 is divided by h?
4
Let c(o) = -2*o**3 + 4*o**2 + 11*o + 13. Calculate the remainder when 63 is divided by c(-2).
17
Suppose r + 4*m = 35, -2*m + 23 = r - m. Suppose -19*g - 7*g + 1456 = 0. What is the remainder when g is divided by r?
18
Let o(y) = 2*y + 22. Calculate the remainder when 93 is divided by o(5).
29
Suppose -361 = -41*i + 3493. What is the remainder when 195 is divided by i?
7
Suppose -3*d + j + 33 = 0, 0 = 2*d - 4*j - 41 + 9. Let g(b) = -b**3 - 2*b**2 + 4*b - 7. Calculate the remainder when g(-5) is divided by d.
8
Let n(b) = 4*b**2 + 2*b - 5 - b**3 - 5 + 3*b**2 + 0*b**3. Let j be n(7). Let h(v) = v**2 + v - 3. Calculate the remainder when 49 is divided by h(j).
15
Suppose 89*j = 35*j + 3078. What is the remainder when j is divided by 41?
16
Suppose 4*k + 6 = 7*k. Suppose 22 = 2*j + 5*w, 2*w = -k*j - 3 + 37. Calculate the remainder when j is divided by 12.
9
Suppose -1 - 1 = -2*n, 4*q + 3*n - 23 = 0. Suppose -6*t + 3*t + 21 = 0. Calculate the remainder when q is divided by -1 - t/((-21)/12).
2
Let k = 76 + -68. What is the remainder when 183 is divided by k?
7
Let b(g) = 2*g**2 - 2*g + 24. Let t be b(0). Suppose -4*d - 3*p + 25 = 3, -2*d + t = -5*p. Calculate the remainder when d is divided by 5.
2
Let o = 3702 - 3633. Suppose 4*d - 128 = -0*d. Suppose 4 = 2*i - d. What is the remainder when o is divided by i?
15
Suppose 0 = -y - 9 + 23. Suppose 0 = -l + 3*l - 8. Suppose -k - r + 56 = 0, -l*k - 2*r = -76 - 144. Calculate the remainder when k is divided by y.
12
Let n(c) = 60*c**3 + c - 3. What is the remainder when n(1) is divided by 33?
25
Suppose 5*k + 4*o = 108, -5*o - 135 = -3*k - 2*k. What is the remainder when 135 is divided by k?
15
Suppose 309 = -19*m + 632. Calculate the remainder when 23 is divided by m.
6
Let s(f) = f**2 + 9*f + 3. Suppose 0 = 3*w + 106 - 391. Let d = w + -47. Calculate the remainder when d is divided by s(-11).
23
What is the remainder when (0 - -7) + 996 + -81 is divided by 71?
70
Let g = 65 - 47. Suppose -n + 5*n - 20 = 0. What is the remainder when g is divided by n?
3
Let s(b) = 2*b**2 - 24*b + 37. Let x(c) = -c**2 + 12*c - 18. Let n(u) = -4*s(u) - 9*x(u). Let h = -9 + 22. What is the remainder when n(h) is divided by 7?
6
Suppose 4*t = 2*t + 4*n + 160, t + 2*n - 96 = 0. Let h = t - 56. What is the remainder when 127 is divided by h?
31
Let k(p) = 3*p**2 + 3*p + 3. Let o be k(-4). Let v = -23 + o. Calculate the remainder when 31 is divided by v.
15
Suppose 2*z + 8 = -3*w, -7*w + 20 = -3*w - 5*z. Suppose 0*o - 4*o - 28 = w. Let x = o - -42. Calculate the remainder when x is divided by 19.
16
Suppose 0 = 2*h + 4*x - 20, -5*x + 28 = 3*h - x. Calculate the remainder when 335/9 - (-32)/(-144) is divided by 524/26 + h/(-52).
17
Let f be 672/20*(-50)/4. Let k = -206 - f. What is the remainder when k is divided by 54?
52
Suppose x + 0 = 3. Let z be (0/(-3))/((-6)/x). Suppose 0 = -s - z*s + 36. What is the remainder when s is divided by 19?
17
Let t(g) = -g**3 - 4*g**2 - 3*g - 8. Let m be t(-4). Suppose 0 = 2*x - 8, -2*q - m*x = 3*q - 91. What is the remainder when q is divided by 3?
0
What is the remainder when 362 is divided by (1 + 0 + 0)/((-4)/(-244))?
57
Let i(c) = -c**3 + 4*c**2 + 5*c - 4. Let h be i(5). What is the remainder when (-6)/2 + 53 + -2 is divided by (-1 + (-38)/h)*2?
14
Let s(o) = -o + 12. Calculate the remainder when 17 is divided by s(-1).
4
Let i(u) = -u**3 - 13*u**2 + 2*u - 99. Calculate the remainder when i(-14) is divided by 35.
34
Suppose 485 - 57 = 4*l. Let m(d) = -15*d + 1 + 4*d + 4*d + 4*d + 8*d**2. What is the remainder when l is divided by m(2)?
26
Suppose 4*c - 35 = 5*x, -c - x + 35 = 3*x. What is the remainder when (250/(-6))/(-1) + 8/6 is divided by c?
13
Let a be (-1 - -83 - 0)*(-1)/(-2). Let w = 85 - a. What is the remainder when w is divided by 12?
8
Suppose -2*n = 2*k - 50, 0 = -n - 14 + 18. Let i be 6/(-8)*(-2 + -2). Suppose -i*d = -6, 2*f - 6 = 5*d - 0. Calculate the remainder when k is divided by f.
5
Suppose -h - 7 = 11. What is the remainder when h/63 - (-205)/7 is divided by (60/(-8))/(2/(-4))?
14
Suppose 9*c - 6*c + 6 = 0. Let w(j) = -172*j - 16. Calculate the remainder when w(c) is divided by 22.
20
Suppose m - 70 = -m. Suppose 9 = -3*u + 48. What is the remainder when m is divided by u?
9
Suppose 0 = 31*a + 19*a - 700. What is the remainder when (3*(-20)/(-3))/1 is divided by a?
6
Let c = -8 - -9. Let a be (c + -5 - -3)*-43. Suppose -3*h + k = -134, 5*k + a = h + 3*k. Calculate the remainder when h is divided by 12.
9
Let m(u) = -4*u - 29. Let n(c) = 9*c + 57. Let d(f) = -5*m(f) - 2*n(f). What is the remainder when d(-9) is divided by 4?
1
Suppose -2*r + 62 = -r. Let b be (-1)/(4 + (-185)/45). Let k(g) = 3*g - 6. What is the remainder when r is divided by k(b)?
20
Let g(d) = 2*d**2 - 7*d + 6. Let y be g(4). Suppose 0 = c - 5*s + y, 4*c - 2*s + 21 = 53. What is the remainder when 38 is divided by c?
8
Let p be (20/25)/(2/10). Suppose 0 = -i + 2*f + 173, 2*i = -p*f + 3*f + 341. Calculate the remainder when i is divided by 58.
55
Let t(c) = -30*c - 7. Let w be t(-6). Suppose -49 - w = -3*z. Suppose -5*l + 19 + 56 = 0. What is the remainder when z is divided by l?
14
Let c = -71 - -208. Suppose -c = -6*l + 